er?
False
Is 405005 prime?
False
Is 34735 composite?
True
Is 38629 prime?
True
Is 388507 prime?
False
Is 4903 a prime number?
True
Is 53353 prime?
True
Is 549455 prime?
False
Is 99701 prime?
False
Is 37951 composite?
False
Is 1144109 a prime number?
False
Is 14361 composite?
True
Is 113782 prime?
False
Is 673 a prime number?
True
Is 17461 composite?
True
Is 75833 a composite number?
False
Is 44723 composite?
True
Is 191822 a prime number?
False
Is 7151 prime?
True
Is 96079 prime?
True
Is 156667 a composite number?
True
Is 17441 composite?
True
Is 591281 composite?
True
Is 1446281 a prime number?
True
Is 12979 prime?
True
Is 7261 prime?
False
Is 3621613 a composite number?
False
Is 1663711 composite?
True
Is 183409 a composite number?
True
Is 35491 composite?
False
Is 3103 a composite number?
True
Is 92141 a prime number?
False
Is 1931 composite?
False
Is 3293 a composite number?
True
Is 131441 composite?
False
Is 74071 a prime number?
True
Is 140897 composite?
False
Is 158302 composite?
True
Is 108929 a prime number?
True
Is 177977 prime?
False
Is 84589 a prime number?
True
Is 3407 composite?
False
Is 173243 a composite number?
True
Is 543061 a composite number?
False
Is 7067 composite?
True
Is 913591 prime?
False
Is 312461 prime?
False
Is 593 composite?
False
Is 7133 prime?
False
Is 183071 a composite number?
True
Is 758077 a composite number?
True
Is 885367 prime?
False
Is 364321 a prime number?
True
Is 159781 prime?
False
Is 68507 composite?
False
Is 166721 prime?
False
Is 3859 composite?
True
Is 12687 a prime number?
False
Is 23117 a prime number?
True
Is 572963 prime?
True
Is 721 composite?
True
Is 26503 a composite number?
True
Is 24877 a prime number?
True
Is 207433 a prime number?
True
Is 502989 a prime number?
False
Is 29929 a prime number?
False
Is 493 a prime number?
False
Is 5410897 a prime number?
True
Is 13963 composite?
False
Is 18539 a prime number?
True
Is 27893 a composite number?
False
Is 69677 a composite number?
False
Is 2541833 prime?
False
Is 1446297 composite?
True
Is 391279 prime?
False
Is 122219 a composite number?
False
Is 21797 composite?
True
Is 1351949 composite?
False
Is 2773 composite?
True
Is 181191 a prime number?
False
Is 5545 a composite number?
True
Is 44461 a prime number?
False
Is 6119 composite?
True
Is 93463 prime?
True
Is 7433 prime?
True
Is 79271 prime?
False
Is 2281 a prime number?
True
Is 42667 composite?
False
Is 51631 a composite number?
False
Is 5147 composite?
False
Is 2749 a composite number?
False
Is 81341 a prime number?
False
Is 9649 a composite number?
False
Is 6637 a composite number?
False
Is 58759 composite?
True
Is 63439 composite?
False
Is 169739 composite?
True
Is 67627 a prime number?
False
Is 121843 composite?
False
Is 126199 a prime number?
True
Is 63887 a composite number?
True
Is 1495955 a prime number?
False
Is 22994 a prime number?
False
Is 16921 a prime number?
True
Is 55949 prime?
True
Is 41443 a prime number?
True
Is 71779 composite?
True
Is 15487 a composite number?
True
Is 13019 prime?
False
Is 299917 composite?
True
Is 107633 a composite number?
True
Is 68773 a composite number?
True
Is 10831 prime?
True
Is 390721 composite?
False
Is 799163 prime?
False
Is 20411 prime?
True
Is 904726 a prime number?
False
Is 1196177 a composite number?
False
Is 152449 prime?
False
Is 13171 a prime number?
True
Is 32539 a composite number?
True
Is 1779205 a prime number?
False
Is 337753 composite?
True
Is 804571 a composite number?
False
Is 26618 composite?
True
Is 9957 composite?
True
Is 296405 a prime number?
False
Is 226927 composite?
True
Is 6899 a prime number?
True
Is 1741 prime?
True
Is 573 a prime number?
False
Is 8263 a composite number?
False
Is 139033 a prime number?
True
Is 704653 a composite number?
True
Is 7391 a composite number?
True
Is 572855 composite?
True
Is 49415 a prime number?
False
Is 407191 prime?
True
Is 967 prime?
True
Is 320159 composite?
True
Is 105199 composite?
False
Is 1847 a prime number?
True
Is 716087 prime?
True
Is 153355 a composite number?
True
Is 307357 a prime number?
False
Is 641 prime?
True
Is 118189 a composite number?
False
Is 70051 a prime number?
True
Is 4547 prime?
True
Is 158489 a prime number?
True
Is 26563 composite?
True
Is 2345593 composite?
False
Is 8939 a prime number?
False
Is 151909 a composite number?
False
Is 749539 a composite number?
True
Is 9327 a prime number?
False
Is 301117 a composite number?
True
Is 7093 a composite number?
True
Is 794291 a composite number?
True
Is 47591 composite?
False
Is 469913 a prime number?
False
Is 559133 prime?
True
Is 60647 a prime number?
True
Is 3503 composite?
True
Is 491 a prime number?
True
Is 916811 a composite number?
True
Is 2212195 a composite number?
True
Is 24913 composite?
True
Is 8923 a prime number?
True
Is 125591 a prime number?
True
Is 46301 prime?
True
Is 89753 prime?
True
Is 5123 prime?
False
Is 89443 a prime number?
True
Is 6947 a prime number?
True
Is 165953 a prime number?
False
Is 127 composite?
False
Is 1757 a composite number?
True
Is 33001 a prime number?
False
Is 210283 a composite number?
False
Is 6609 a composite number?
True
Is 631 a composite number?
False
Is 39391 composite?
True
Is 1512281 a composite number?
False
Is 99119 composite?
False
Is 13367 prime?
True
Is 3085 a prime number?
False
Is 6131 a composite number?
False
Is 64319 a prime number?
True
Is 8461 composite?
False
Is 21133 a composite number?
True
Is 83481 a prime number?
False
Is 11617 a prime number?
True
Is 22247 a composite number?
False
Is 910303 prime?
False
Is 329407 prime?
False
Is 1847 prime?
True
Is 486637 a composite number?
False
Is 1474751 a composite number?
False
Is 31345 a composite number?
True
Is 852521 prime?
True
Is 2707 a prime number?
True
Is 23183 composite?
True
Is 51329 composite?
False
Is 406423 a prime number?
True
Is 51329 a prime number?
True
Is 7043 a composite number?
False
Is 108451 a prime number?
False
Is 39103 prime?
True
Is 155939 a composite number?
True
Is 331207 a prime number?
True
Is 44579 a prime number?
True
Is 26473 a composite number?
True
Is 830639 composite?
False
Is 3989 composite?
False
Is 1858 prime?
False
Is 26771 composite?
True
Is 73277 a composite number?
False
Is 15127 prime?
False
Is 3157273 prime?
False
Is 269447 prime?
False
Is 87179 composite?
False
Is 2963 prime?
True
Is 43211 a composite number?
True
Is 66631 prime?
False
Is 1754 composite?
True
Is 273233 prime?
True
Is 20323 composite?
False
Is 107171 a prime number?
True
Is 26119 a prime number?
True
Is 1803863 composite?
False
Is 2771 prime?
False
Is 10079 composite?
False
Is 103387 a prime number?
True
Is 22433 prime?
True
Is 19 a composite number?
False
Is 8513 a prime number?
True
Is 9007 prime?
True
Is 31903 composite?
True
Is 702861 a prime number?
False
Is 50621 a composite number?
True
Is 352721 composite?
True
Is 503293 a composite number?
True
Is 2095 composite?
True
Is 4087 a prime number?
False
Is 27641 a prime number?
False
Is 170615 composite?
True
Is 5045 composite?
True
Is 1772677 a composite number?
False
Is 5227 a prime number?
True
Is 13649 prime?
True
Is 14741 a prime number?
True
Is 17837 a prime number?
True
Is 77641 prime?
True
Is 343373 a prime number?
True
Is 55135 a composite number?
True
Is 230647 a composite number?
False
Is 42677 a composite number?
False
Is 371131 a prime number?
True
Is 5317 a composite number?
True
Is 170219 a prime number?
False
Is 2371 a prime number?
True
Is 206377 composite?
True
Is 322097 prime?
True
Is 20279 a composite number?
True
Is 1231 composite?
False
Is 2837 composite?
False
Is 50411 a composite number?
False
Is 20789 prime?
True
Is 10357 composite?
False
Is 350783 prime?
True
Is 166597 composite?
False
Is 841 a composite number?
True
Is 15231 prime?
False
Is 24151 a prime number?
True
Is 1557299 prime?
False
Is 362305 a prime number?
False
Is 744689 prime?
False
Is 14137 a composite number?
True
Is 100483 composite?
False
Is 4121 composite?
True
Is 324293 composite?
False
Is 7711 composite?
True
Is 4729 prime?
True
Is 345637 composite?
False
Is 17863 a composite number?
False
Is 93683 composite?
False
Is 2219 prime?
False
Is 1082369 a prime number?
True
Is 25891 prime?
False
Is 73339 a prime number?
False
Is 1361 composite?
